0 a multiple of 10?
True
Is 15920 a multiple of 10?
True
Is 260 a factor of 1349380?
False
Is 7265852 a multiple of 299?
False
Is 50680 a multiple of 35?
True
Is 990896 a multiple of 12?
False
Does 174 divide 11212560?
True
Is 1926444 a multiple of 106?
True
Is 4047416 a multiple of 8?
True
Is 1808535 a multiple of 56?
False
Is 1334 a factor of 8524130?
False
Is 1212 a factor of 11270646?
False
Is 230 a factor of 1820915?
False
Is 54 a factor of 659269?
False
Is 422174 a multiple of 86?
True
Is 1872215 a multiple of 5?
True
Is 29 a factor of 139287?
True
Is 76 a factor of 82232?
True
Is 448 a factor of 10217583?
False
Is 16 a factor of 2468432?
True
Does 26 divide 45476?
False
Does 249 divide 1091616?
True
Is 35 a factor of 67?
False
Is 77 a factor of 210133?
True
Does 19 divide 149865?
False
Does 210 divide 2924040?
True
Does 40 divide 3700329?
False
Does 458 divide 4178334?
True
Is 697968 a multiple of 48?
True
Is 319290 a multiple of 290?
True
Is 6 a factor of 316854?
True
Is 10 a factor of 1254753?
False
Is 81188 a multiple of 7?
False
Is 1027 a factor of 8983169?
True
Is 8 a factor of 883336?
True
Is 82855 a multiple of 96?
False
Is 4236 a multiple of 6?
True
Is 258864 a multiple of 7?
False
Is 157757 a multiple of 19?
True
Is 302754 a multiple of 4?
False
Is 18 a factor of 1335314?
False
Is 3 a factor of 4136558?
False
Is 267870 a multiple of 5?
True
Is 284666 a multiple of 634?
True
Is 10113376 a multiple of 161?
True
Is 11 a factor of 15381?
False
Is 73 a factor of 8104968?
False
Is 664 a factor of 6738936?
True
Is 101 a factor of 290757?
False
Is 498614 a multiple of 134?
True
Is 423804 a multiple of 34?
False
Does 641 divide 258964?
True
Does 18 divide 708300?
True
Does 30 divide 96890?
False
Is 307061 a multiple of 13?
False
Is 391232 a multiple of 10?
False
Is 200 a factor of 71600?
True
Is 209 a factor of 2564749?
False
Is 183 a factor of 5022218?
False
Is 293 a factor of 5216375?
False
Is 27 a factor of 97219?
False
Is 4515 a multiple of 3?
True
Does 3 divide 207348?
True
Is 467364 a multiple of 102?
True
Is 1118980 a multiple of 20?
True
Does 18 divide 82854?
True
Does 60 divide 1777260?
True
Does 37 divide 14876220?
True
Is 11 a factor of 9016339?
False
Is 5370597 a multiple of 161?
False
Is 654309 a multiple of 10?
False
Is 15271982 a multiple of 24?
False
Is 16 a factor of 1581744?
True
Does 96 divide 1826117?
False
Is 11745933 a multiple of 19?
True
Is 60 a factor of 264180?
True
Does 52 divide 211536?
True
Does 35 divide 4942315?
True
Does 20 divide 425219?
False
Does 42 divide 159474?
True
Is 5343390 a multiple of 130?
True
Is 27 a factor of 283591?
False
Is 369 a factor of 884898?
False
Does 6 divide 2569266?
True
Does 570 divide 463713?
False
Does 89 divide 439554?
False
Is 2820116 a multiple of 865?
False
Does 149 divide 12367?
True
Is 1617948 a multiple of 633?
True
Is 3477607 a multiple of 17?
False
Is 3 a factor of 2102961?
True
Does 33 divide 5854464?
True
Is 3091934 a multiple of 1067?
False
Is 9619440 a multiple of 2235?
True
Is 260 a factor of 1505853?
False
Does 20 divide 13808?
False
Is 618646 a multiple of 27?
False
Is 72 a factor of 2161662?
False
Is 17756915 a multiple of 11?
True
Does 3 divide 5276693?
False
Does 646 divide 5658314?
True
Is 5999461 a multiple of 298?
False
Is 2780509 a multiple of 163?
False
Is 17877865 a multiple of 40?
False
Does 67 divide 43952?
True
Is 4 a factor of 10360?
True
Is 28 a factor of 724715?
False
Is 365 a factor of 1593107?
False
Is 59 a factor of 2738074?
False
Is 17973695 a multiple of 17?
False
Is 18 a factor of 7691367?
False
Does 9 divide 398957?
False
Is 37 a factor of 311173?
False
Is 9437448 a multiple of 204?
True
Does 6 divide 20166525?
False
Is 93 a factor of 2427731?
False
Does 25 divide 730025?
True
Is 82460 a multiple of 14?
True
Is 1595569 a multiple of 17?
True
Does 11 divide 1210682?
True
Does 178 divide 947022?
False
Is 9 a factor of 28305?
True
Does 8 divide 363678?
False
Does 59 divide 1073671?
False
Is 24 a factor of 768216?
True
Is 2989973 a multiple of 7?
True
Is 278854 a multiple of 13?
False
Is 3 a factor of 3931405?
False
Is 468648 a multiple of 24?
True
Is 5384301 a multiple of 16?
False
Is 304 a factor of 2342181?
False
Is 551984 a multiple of 38?
False
Is 1384201 a multiple of 70?
False
Is 4108922 a multiple of 12?
False
Is 386 a factor of 14343760?
True
Is 26 a factor of 11934?
True
Is 93 a multiple of 3?
True
Does 876 divide 7783260?
True
Is 895 a factor of 459135?
True
Is 3453450 a multiple of 6?
True
Does 252 divide 1069488?
True
Does 26 divide 123552?
True
Does 73 divide 6278?
True
Is 39 a factor of 182545?
False
Does 15 divide 3231569?
False
Is 3446648 a multiple of 8?
True
Does 1041 divide 1298204?
False
Does 155 divide 969370?
True
Does 18 divide 57136?
False
Does 131 divide 663690?
False
Does 235 divide 1691530?
True
Is 6934777 a multiple of 27?
False
Is 112 a factor of 35166?
False
Is 739 a factor of 6557886?
True
Is 763 a factor of 24233153?
False
Does 165 divide 21955?
False
Does 15 divide 3951727?
False
Is 124640 a multiple of 380?
True
Does 269 divide 2582046?
False
Is 414114 a multiple of 79?
False
Does 201 divide 172458?
True
Is 31 a factor of 224730?
False
Is 155 a factor of 1565604?
False
Is 51915 a multiple of 4?
False
Is 441565 a multiple of 235?
True
Is 516279 a multiple of 159?
False
Is 632352 a multiple of 14?
True
Does 216 divide 53612?
False
Does 45 divide 2156374?
False
Does 57 divide 6794457?
True
Does 23 divide 9442167?
True
Is 19 a factor of 75449?
True
Is 101595 a multiple of 39?
True
Is 17510560 a multiple of 2351?
False
Is 222748 a multiple of 16?
False
Is 594 a factor of 428645?
False
Is 86 a factor of 102856?
True
Is 295911 a multiple of 21?
True
Is 113 a factor of 275494?
True
Is 9 a factor of 1128753?
True
Is 89456 a multiple of 16?
True
Is 393057 a multiple of 63?
True
Does 480 divide 3912480?
True
Does 19 divide 1055474?
False
Is 23 a factor of 15243532?
False
Is 19641990 a multiple of 642?
True
Is 64 a factor of 2659259?
False
Is 6 a factor of 40614?
True
Is 114848 a multiple of 86?
False
Does 3 divide 4855?
False
Is 197 a factor of 2296232?
True
Is 622108 a multiple of 124?
True
Is 752 a factor of 6125756?
False
Is 246900 a multiple of 150?
True
Is 33 a factor of 3855628?
False
Is 166 a factor of 273804?
False
Is 112048 a multiple of 14?
False
Does 285 divide 223725?
True
Does 23 divide 362852?
False
Does 5 divide 42720?
True
Is 100 a factor of 296200?
True
Is 14278 a multiple of 8?
False
Does 17 divide 648312?
True
Does 74 divide 141473?
False
Does 290 divide 2325800?
True
Does 24 divide 1922808?
True
Does 216 divide 2669976?
True
Does 2 divide 10416?
True
Is 116 a factor of 13117018?
False
Is 653478 a multiple of 17?
False
Is 57 a factor of 440383?
False
Is 936434 a multiple of 38?
True
Is 523 a factor of 1500594?
False
Does 129 divide 329208?
True
Is 434520 a multiple of 170?
True
Is 413489 a multiple of 379?
True
Is 36491 a multiple of 3?
False
Does 199 divide 184767?
False
Is 522 a factor of 10221282?
True
Does 189 divide 243999?
True
Is 258463 a multiple of 48?
False
Is 447 a factor of 398724?
True
Does 7 divide 38829?
True
Is 501686 a multiple of 17?
False
Is 18 a factor of 80726?
False
Is 5490 a multiple of 16?
False
Is 399 a factor of 6553575?
True
Is 4485225 a multiple of 757?
True
Does 10 divide 281403?
False
Does 6 divide 1592304?
True
Does 49 divide 102753?
True
Is 2156976 a multiple of 432?
True
Is 11 a factor of 10368167?
False
Is 3889200 a multiple of 14?
True
Does 38 divide 1136238?
True
Is 274244 a multiple of 56?
False
Is 13 a factor of 7313186?
False
Is 891225 a multiple of 25?
True
Does 21 divide 269871?
True
Does 176 divide 551408?
True
Is 51 a factor of 5754687?
True
Does 131 divide 881761?
True
Does 18 divide 240012?
True
Is 895951 a multiple of 132?
False
Is 921870 a multiple of 709?
False
Does 68 divide 267341?
False
Does 181 divide 20877626?
True
Is 6504107 a multiple of 25?
False
Is 1147800 a multiple of 60?
True
Is 3119160 a multiple of 330?
True
Is 819901 a multiple of 61?
True
Does 181 divide 846121?
False
Is 110 a factor of 353430?
True
Is 151 a factor of 20583716?
True
Does 226 divide 1130?
True
Is 1698454 a multiple of 1082?
False
Is 135848 a multiple of 9?
False
Is 1